{"id":24,"date":"2023-03-31T11:53:35","date_gmt":"2023-03-31T09:53:35","guid":{"rendered":"http:\/\/anaid-sayrin.com\/?page_id=24"},"modified":"2023-08-25T11:32:33","modified_gmt":"2023-08-25T09:32:33","slug":"publications","status":"publish","type":"page","link":"https:\/\/anaid-sayrin.com\/index.php\/publications\/","title":{"rendered":"Publications"},"content":{"rendered":"\n<p><strong><em>Erevan sur Seine <\/em>: le t\u00e9moignage de deux immigr\u00e9s arm\u00e9niens \u00e0 Issy-les-Moulineaux <\/strong><\/p>\n\n\n\n<figure class=\"wp-block-image size-medium\"><a href=\"https:\/\/www.thebookedition.com\/fr\/erevan-sur-seine-p-124040.html\"><img loading=\"lazy\" decoding=\"async\" width=\"214\" height=\"300\" src=\"http:\/\/anaid-sayrin.com\/wp-content\/uploads\/2023\/04\/Erevan-sur-seine-06032017-couverture-214x300.jpg\" alt=\"\" class=\"wp-image-171\" srcset=\"https:\/\/anaid-sayrin.com\/wp-content\/uploads\/2023\/04\/Erevan-sur-seine-06032017-couverture-214x300.jpg 214w, https:\/\/anaid-sayrin.com\/wp-content\/uploads\/2023\/04\/Erevan-sur-seine-06032017-couverture-730x1024.jpg 730w, https:\/\/anaid-sayrin.com\/wp-content\/uploads\/2023\/04\/Erevan-sur-seine-06032017-couverture-768x1078.jpg 768w, https:\/\/anaid-sayrin.com\/wp-content\/uploads\/2023\/04\/Erevan-sur-seine-06032017-couverture-1095x1536.jpg 1095w, https:\/\/anaid-sayrin.com\/wp-content\/uploads\/2023\/04\/Erevan-sur-seine-06032017-couverture-1459x2048.jpg 1459w, https:\/\/anaid-sayrin.com\/wp-content\/uploads\/2023\/04\/Erevan-sur-seine-06032017-couverture.jpg 1785w\" sizes=\"auto, (max-width: 214px) 100vw, 214px\" \/><\/a><\/figure>\n\n\n\n<p><strong>R\u00e9sum\u00e9<\/strong><\/p>\n\n\n\n<p>On parle souvent du g\u00e9nocide arm\u00e9nien de 1915. <strong>On parle moins de ce qui s\u2019est pass\u00e9 apr\u00e8s<\/strong>. Barkev et Verjin sont n\u00e9s entre 1927 et 1929 \u00e0 Sivas, quelques ann\u00e9es apr\u00e8s l\u2019av\u00e8nement de la toute nouvelle R\u00e9publique de Turquie, synonyme d\u2019espoirs pour les Arm\u00e9niens rest\u00e9s malgr\u00e9 tout apr\u00e8s les massacres. Pourtant, quelques ann\u00e9es plus tard,<strong> ils fuient le pays pour la France avec leurs enfants<\/strong>, dont Varoujan, le p\u00e8re d\u2019Ana\u00efd qui raconte aujourd\u2019hui cette histoire. Que s\u2019est-il pass\u00e9 entre temps&nbsp;?<\/p>\n\n\n\n<p>Cinquante ans plus tard, <strong>\u00e0 Issy les Moulineaux, leur \u00ab&nbsp;Erevan sur Seine&nbsp;\u00bb<\/strong>, Barkev et Verjin se livrent \u00e0 leur petite fille. <strong>Au fil des interviews, les souvenirs remontent<\/strong>, et avec eux, <strong>l\u2019h\u00e9ritage silencieux<\/strong> que ces deux immigr\u00e9s arm\u00e9niens ont transmis aux g\u00e9n\u00e9rations de survivants qui les ont suivis. Et en \u00e9clairant le pass\u00e9, c\u2019est aussi <strong>toute la culture des Arm\u00e9niens de diaspora qui se d\u00e9voile<\/strong>, expliquant les rapports toujours conflictuels avec la Turquie actuelle, et la difficult\u00e9 pour les descendants de trouver une place dans ce monde \u00e9trange qu\u2019ils ont re\u00e7u en h\u00e9ritage.<\/p>\n\n\n\n<p>Cent ans apr\u00e8s le g\u00e9nocide arm\u00e9nien, ce livre se veut un <strong>trait d\u2019union entre deux pays et entre deux g\u00e9n\u00e9rations<\/strong>, pour r\u00e9tablir une parole avant qu\u2019elle ne soit oubli\u00e9e.<\/p>\n\n\n\n<p><a href=\"https:\/\/www.thebookedition.com\/fr\/erevan-sur-seine-p-400133.html\" target=\"_blank\" rel=\"noreferrer noopener\">Commander le livre<\/a><\/p>\n\n\n\n<p><a href=\"https:\/\/www.thebookedition.com\/fr\/erevan-sur-seine-p-124040.html\">\u00c9galement disponible \u00e0 petit prix en version noir et blanc<\/a>. <\/p>\n\n\n\n<div style=\"height:100px\" aria-hidden=\"true\" class=\"wp-block-spacer\"><\/div>\n\n\n\n<hr class=\"wp-block-separator has-alpha-channel-opacity\"\/>\n\n\n\n<p><strong>Mars 2017<\/strong><\/p>\n\n\n\n<p><em>Le parfum du retour <\/em><strong>(\u00e9dition Cherche Midi)<\/strong><\/p>\n\n\n\n<p>Cette nouvelle est au sommaire <strong>d\u2019un tr\u00e8s beau livre ayant pour th\u00e8me la ville d\u2019Issy-les-Moulineaux<\/strong> : plusieurs auteurs, photographes et acteurs de la ville ont \u00e9t\u00e9 r\u00e9unis autour de Pierre Dottelonde pour cr\u00e9er cet ouvrage qui retrace toute l\u2019histoire de la ville.<\/p>\n\n\n\n<p>La nouvelle&nbsp;<em>Le parfum du retour<\/em>&nbsp;raconte, \u00e0 travers un parcours dans les rues iss\u00e9ennes, <strong>l\u2019histoire arm\u00e9nienne qui a fa\u00e7onn\u00e9 l\u2019architecture m\u00eame de la ville.&nbsp;<\/strong><\/p>\n\n\n\n<figure class=\"wp-block-image size-full\"><a href=\"https:\/\/www.placedeslibraires.fr\/livre\/9782749150314-issy-les-moulineaux-pierre-dottelonde\/?select_langue=gb\"><img loading=\"lazy\" decoding=\"async\" width=\"270\" height=\"302\" src=\"http:\/\/anaid-sayrin.com\/wp-content\/uploads\/2023\/04\/livre-issy-les-moulineaux.jpg\" alt=\"\" class=\"wp-image-103\" srcset=\"https:\/\/anaid-sayrin.com\/wp-content\/uploads\/2023\/04\/livre-issy-les-moulineaux.jpg 270w, https:\/\/anaid-sayrin.com\/wp-content\/uploads\/2023\/04\/livre-issy-les-moulineaux-268x300.jpg 268w\" sizes=\"auto, (max-width: 270px) 100vw, 270px\" \/><\/a><\/figure>\n\n\n\n<p><a href=\"https:\/\/www.placedeslibraires.fr\/livre\/9782749150314-issy-les-moulineaux-pierre-dottelonde\/?select_langue=gb\">Commander le livre<\/a><\/p>\n\n\n\n<div style=\"height:100px\" aria-hidden=\"true\" class=\"wp-block-spacer\"><\/div>\n\n\n\n<hr class=\"wp-block-separator has-alpha-channel-opacity\"\/>\n\n\n\n<p><strong>Mai 2015<\/strong><\/p>\n\n\n\n<p><\/p>\n\n\n\n<p><strong><em>Etylomogie<\/em>,&nbsp;<\/strong>gagnante du concours <strong>\u00ab&nbsp;Des mots pour Librinova&nbsp;\u00bb<\/strong>.<\/p>\n\n\n\n<p><br>Elle est publi\u00e9e avec six autres nouvelles dans<strong> <\/strong>un recueil num\u00e9rique<em>, <\/em><strong><em>Elle h\u00e9sita un instant puis cliqua sur Envoyer<\/em>.<\/strong><\/p>\n\n\n\n<p class=\"has-foreground-color has-text-color\"><a href=\"http:\/\/anaid-sayrin.com\/wp-content\/uploads\/2023\/08\/Ethylomogie.pdf\" data-type=\"attachment\" data-id=\"273\">Lire la nouvelle<\/a><\/p>\n\n\n\n<p><\/p>\n\n\n\n<hr class=\"wp-block-separator has-alpha-channel-opacity\"\/>\n\n\n\n<p><strong>Janvier 2015<\/strong><\/p>\n\n\n\n<p>Publication de <strong><em>Une autre langue<\/em><\/strong> dans le recueil<strong> <\/strong><a href=\"https:\/\/www.soufflecourt.com\/livres\/rencontres-extremes\" target=\"_blank\" rel=\"noreferrer noopener\"><em><strong>Rencontres Extr\u00eames<\/strong> <\/em>aux&nbsp;\u00e9ditions Souffle Court.<\/a><\/p>\n\n\n\n<p><br><em>Une autre langue<\/em>&nbsp;retrace l\u2019histoire d\u2019une <strong>rencontre avec un homme<\/strong>, et \u00e0 travers lui <strong>avec son pays, l\u2019Islande<\/strong>.&nbsp;C\u2019est aussi l\u2019histoire d\u2019une <strong>\u00e9mancipation par&nbsp;l\u2019apprentissage d\u2019un&nbsp;nouveau langage<\/strong>&nbsp;: celui du corps.<\/p>\n\n\n\n<div style=\"height:100px\" aria-hidden=\"true\" class=\"wp-block-spacer\"><\/div>\n\n\n\n<p><\/p>\n\n\n\n<p><\/p>\n","protected":false},"excerpt":{"rendered":"<p>Erevan sur Seine : le t\u00e9moignage de deux immigr\u00e9s arm\u00e9niens \u00e0 Issy-les-Moulineaux R\u00e9sum\u00e9 On parle souvent du g\u00e9nocide arm\u00e9nien de 1915. On parle moins de ce qui s\u2019est pass\u00e9 apr\u00e8s. Barkev et Verjin sont n\u00e9s entre 1927 et 1929 \u00e0 Sivas, quelques ann\u00e9es apr\u00e8s l\u2019av\u00e8nement de la toute nouvelle R\u00e9publique de Turquie, synonyme d\u2019espoirs pour [&hellip;]<\/p>\n","protected":false},"author":1,"featured_media":0,"parent":0,"menu_order":0,"comment_status":"closed","ping_status":"closed","template":"","meta":{"footnotes":""},"class_list":["post-24","page","type-page","status-publish","hentry"],"_links":{"self":[{"href":"https:\/\/anaid-sayrin.com\/index.php\/wp-json\/wp\/v2\/pages\/24","targetHints":{"allow":["GET"]}}],"collection":[{"href":"https:\/\/anaid-sayrin.com\/index.php\/wp-json\/wp\/v2\/pages"}],"about":[{"href":"https:\/\/anaid-sayrin.com\/index.php\/wp-json\/wp\/v2\/types\/page"}],"author":[{"embeddable":true,"href":"https:\/\/anaid-sayrin.com\/index.php\/wp-json\/wp\/v2\/users\/1"}],"replies":[{"embeddable":true,"href":"https:\/\/anaid-sayrin.com\/index.php\/wp-json\/wp\/v2\/comments?post=24"}],"version-history":[{"count":9,"href":"https:\/\/anaid-sayrin.com\/index.php\/wp-json\/wp\/v2\/pages\/24\/revisions"}],"predecessor-version":[{"id":278,"href":"https:\/\/anaid-sayrin.com\/index.php\/wp-json\/wp\/v2\/pages\/24\/revisions\/278"}],"wp:attachment":[{"href":"https:\/\/anaid-sayrin.com\/index.php\/wp-json\/wp\/v2\/media?parent=24"}],"curies":[{"name":"wp","href":"https:\/\/api.w.org\/{rel}","templated":true}]}}

<p><strong><em>Erevan sur Seine </em>: le témoignage de deux immigrés arméniens à Issy-les-Moulineaux </strong></p>



<figure class="wp-block-image size-medium"><a href="https://www.thebookedition.com/fr/erevan-sur-seine-p-124040.html"><img loading="lazy" decoding="async" width="214" height="300" src="http://anaid-sayrin.com/wp-content/uploads/2023/04/Erevan-sur-seine-06032017-couverture-214x300.jpg" alt="" class="wp-image-171" srcset="https://anaid-sayrin.com/wp-content/uploads/2023/04/Erevan-sur-seine-06032017-couverture-214x300.jpg 214w, https://anaid-sayrin.com/wp-content/uploads/2023/04/Erevan-sur-seine-06032017-couverture-730x1024.jpg 730w, https://anaid-sayrin.com/wp-content/uploads/2023/04/Erevan-sur-seine-06032017-couverture-768x1078.jpg 768w, https://anaid-sayrin.com/wp-content/uploads/2023/04/Erevan-sur-seine-06032017-couverture-1095x1536.jpg 1095w, https://anaid-sayrin.com/wp-content/uploads/2023/04/Erevan-sur-seine-06032017-couverture-1459x2048.jpg 1459w, https://anaid-sayrin.com/wp-content/uploads/2023/04/Erevan-sur-seine-06032017-couverture.jpg 1785w" sizes="auto, (max-width: 214px) 100vw, 214px" /></a></figure>



<p><strong>Résumé</strong></p>



<p>On parle souvent du génocide arménien de 1915. <strong>On parle moins de ce qui s’est passé après</strong>. Barkev et Verjin sont nés entre 1927 et 1929 à Sivas, quelques années après l’avènement de la toute nouvelle République de Turquie, synonyme d’espoirs pour les Arméniens restés malgré tout après les massacres. Pourtant, quelques années plus tard,<strong> ils fuient le pays pour la France avec leurs enfants</strong>, dont Varoujan, le père d’Anaïd qui raconte aujourd’hui cette histoire. Que s’est-il passé entre temps&nbsp;?</p>



<p>Cinquante ans plus tard, <strong>à Issy les Moulineaux, leur «&nbsp;Erevan sur Seine&nbsp;»</strong>, Barkev et Verjin se livrent à leur petite fille. <strong>Au fil des interviews, les souvenirs remontent</strong>, et avec eux, <strong>l’héritage silencieux</strong> que ces deux immigrés arméniens ont transmis aux générations de survivants qui les ont suivis. Et en éclairant le passé, c’est aussi <strong>toute la culture des Arméniens de diaspora qui se dévoile</strong>, expliquant les rapports toujours conflictuels avec la Turquie actuelle, et la difficulté pour les descendants de trouver une place dans ce monde étrange qu’ils ont reçu en héritage.</p>



<p>Cent ans après le génocide arménien, ce livre se veut un <strong>trait d’union entre deux pays et entre deux générations</strong>, pour rétablir une parole avant qu’elle ne soit oubliée.</p>



<p><a href="https://www.thebookedition.com/fr/erevan-sur-seine-p-400133.html" target="_blank" rel="noreferrer noopener">Commander le livre</a></p>



<p><a href="https://www.thebookedition.com/fr/erevan-sur-seine-p-124040.html">Également disponible à petit prix en version noir et blanc</a>. </p>



<div style="height:100px" aria-hidden="true" class="wp-block-spacer"></div>



<hr class="wp-block-separator has-alpha-channel-opacity"/>



<p><strong>Mars 2017</strong></p>



<p><em>Le parfum du retour </em><strong>(édition Cherche Midi)</strong></p>



<p>Cette nouvelle est au sommaire <strong>d’un très beau livre ayant pour thème la ville d’Issy-les-Moulineaux</strong> : plusieurs auteurs, photographes et acteurs de la ville ont été réunis autour de Pierre Dottelonde pour créer cet ouvrage qui retrace toute l’histoire de la ville.</p>



<p>La nouvelle&nbsp;<em>Le parfum du retour</em>&nbsp;raconte, à travers un parcours dans les rues isséennes, <strong>l’histoire arménienne qui a façonné l’architecture même de la ville.&nbsp;</strong></p>



<figure class="wp-block-image size-full"><a href="https://www.placedeslibraires.fr/livre/9782749150314-issy-les-moulineaux-pierre-dottelonde/?select_langue=gb"><img loading="lazy" decoding="async" width="270" height="302" src="http://anaid-sayrin.com/wp-content/uploads/2023/04/livre-issy-les-moulineaux.jpg" alt="" class="wp-image-103" srcset="https://anaid-sayrin.com/wp-content/uploads/2023/04/livre-issy-les-moulineaux.jpg 270w, https://anaid-sayrin.com/wp-content/uploads/2023/04/livre-issy-les-moulineaux-268x300.jpg 268w" sizes="auto, (max-width: 270px) 100vw, 270px" /></a></figure>



<p><a href="https://www.placedeslibraires.fr/livre/9782749150314-issy-les-moulineaux-pierre-dottelonde/?select_langue=gb">Commander le livre</a></p>



<div style="height:100px" aria-hidden="true" class="wp-block-spacer"></div>



<hr class="wp-block-separator has-alpha-channel-opacity"/>



<p><strong>Mai 2015</strong></p>



<p></p>



<p><strong><em>Etylomogie</em>,&nbsp;</strong>gagnante du concours <strong>«&nbsp;Des mots pour Librinova&nbsp;»</strong>.</p>



<p><br>Elle est publiée avec six autres nouvelles dans<strong> </strong>un recueil numérique<em>, </em><strong><em>Elle hésita un instant puis cliqua sur Envoyer</em>.</strong></p>



<p class="has-foreground-color has-text-color"><a href="http://anaid-sayrin.com/wp-content/uploads/2023/08/Ethylomogie.pdf" data-type="attachment" data-id="273">Lire la nouvelle</a></p>



<p></p>



<hr class="wp-block-separator has-alpha-channel-opacity"/>



<p><strong>Janvier 2015</strong></p>



<p>Publication de <strong><em>Une autre langue</em></strong> dans le recueil<strong> </strong><a href="https://www.soufflecourt.com/livres/rencontres-extremes" target="_blank" rel="noreferrer noopener"><em><strong>Rencontres Extrêmes</strong> </em>aux&nbsp;éditions Souffle Court.</a></p>



<p><br><em>Une autre langue</em>&nbsp;retrace l’histoire d’une <strong>rencontre avec un homme</strong>, et à travers lui <strong>avec son pays, l’Islande</strong>.&nbsp;C’est aussi l’histoire d’une <strong>émancipation par&nbsp;l’apprentissage d’un&nbsp;nouveau langage</strong>&nbsp;: celui du corps.</p>



<div style="height:100px" aria-hidden="true" class="wp-block-spacer"></div>



<p></p>



<p></p>

<p>Erevan sur Seine : le témoignage de deux immigrés arméniens à Issy-les-Moulineaux Résumé On parle souvent du génocide arménien de 1915. On parle moins de ce qui s’est passé après. Barkev et Verjin sont nés entre 1927 et 1929 à Sivas, quelques années après l’avènement de la toute nouvelle République de Turquie, synonyme d’espoirs pour [&hellip;]</p>
